{"id":79,"date":"2021-01-18T23:21:05","date_gmt":"2021-01-18T22:21:05","guid":{"rendered":"http:\/\/jeuneselusdefrance.fr\/home\/?page_id=79"},"modified":"2025-10-22T18:01:57","modified_gmt":"2025-10-22T16:01:57","slug":"nos-commissions","status":"publish","type":"page","link":"https:\/\/jeuneselusdefrance.fr\/home\/lajef\/nos-commissions\/","title":{"rendered":"Nos commissions"},"content":{"rendered":"\n<p>L\u2019AJEF a lanc\u00e9 4 commissions de travail ayant pour objectif de porter de nouvelles propositions transpartisanes afin d&rsquo;am\u00e9liorer l&rsquo;engagement citoyen chez les jeunes et renforcer l\u2019ancrage local de l\u2019AJEF en vue des municipales de 2026<\/p>\n\n\n\n<ul class=\"wp-block-list\">\n<li><a href=\"https:\/\/jeuneselusdefrance.fr\/home\/nos-commissions\/conciliationentremandatetvieactive\/\">Conciliation entre mandat et vie active<\/a><\/li>\n\n\n\n<li><a href=\"https:\/\/jeuneselusdefrance.fr\/home\/placedesfemmesdanslaviepolitique\/\">Place des femmes dans la vie publique et politique<\/a><\/li>\n\n\n\n<li><a href=\"https:\/\/jeuneselusdefrance.fr\/home\/engagement-jeunes\/\">Engagement des jeunes en milieu rural <\/a><\/li>\n\n\n\n<li><a href=\"https:\/\/jeuneselusdefrance.fr\/home\/faire-vivre-la-democratie-et-la-citoyennete-aupres-des-jeunes\/\">Faire vivre la d\u00e9mocratie et la Citoyennet\u00e9 aupr\u00e8s des jeunes<\/a><\/li>\n<\/ul>\n","protected":false},"excerpt":{"rendered":"<p>L\u2019AJEF a lanc\u00e9 4 commissions de travail ayant pour objectif de porter de nouvelles propositions transpartisanes afin d&rsquo;am\u00e9liorer l&rsquo;engagement citoyen chez les jeunes et renforcer l\u2019ancrage local de l\u2019AJEF en vue des municipales de 2026<\/p>\n","protected":false},"author":1,"featured_media":0,"parent":15,"menu_order":0,"comment_status":"closed","ping_status":"closed","template":"","meta":{"neve_meta_sidebar":"","neve_meta_container":"","neve_meta_enable_content_width":"","neve_meta_content_width":0,"neve_meta_title_alignment":"","neve_meta_author_avatar":"","neve_post_elements_order":"","neve_meta_disable_header":"","neve_meta_disable_footer":"","neve_meta_disable_title":"","footnotes":""},"class_list":["post-79","page","type-page","status-publish","hentry"],"_links":{"self":[{"href":"https:\/\/jeuneselusdefrance.fr\/home\/wp-json\/wp\/v2\/pages\/79","targetHints":{"allow":["GET"]}}],"collection":[{"href":"https:\/\/jeuneselusdefrance.fr\/home\/wp-json\/wp\/v2\/pages"}],"about":[{"href":"https:\/\/jeuneselusdefrance.fr\/home\/wp-json\/wp\/v2\/types\/page"}],"author":[{"embeddable":true,"href":"https:\/\/jeuneselusdefrance.fr\/home\/wp-json\/wp\/v2\/users\/1"}],"replies":[{"embeddable":true,"href":"https:\/\/jeuneselusdefrance.fr\/home\/wp-json\/wp\/v2\/comments?post=79"}],"version-history":[{"count":7,"href":"https:\/\/jeuneselusdefrance.fr\/home\/wp-json\/wp\/v2\/pages\/79\/revisions"}],"predecessor-version":[{"id":2099,"href":"https:\/\/jeuneselusdefrance.fr\/home\/wp-json\/wp\/v2\/pages\/79\/revisions\/2099"}],"up":[{"embeddable":true,"href":"https:\/\/jeuneselusdefrance.fr\/home\/wp-json\/wp\/v2\/pages\/15"}],"wp:attachment":[{"href":"https:\/\/jeuneselusdefrance.fr\/home\/wp-json\/wp\/v2\/media?parent=79"}],"curies":[{"name":"wp","href":"https:\/\/api.w.org\/{rel}","templated":true}]}}