{"id":409,"date":"2021-03-05T16:13:29","date_gmt":"2021-03-05T15:13:29","guid":{"rendered":"http:\/\/jeuneselusdefrance.fr\/home\/?page_id=409"},"modified":"2026-04-19T13:34:56","modified_gmt":"2026-04-19T11:34:56","slug":"adherer-a-lajef","status":"publish","type":"page","link":"https:\/\/jeuneselusdefrance.fr\/home\/adherer-a-lajef\/","title":{"rendered":"Adh\u00e9rer \u00e0 l&rsquo;AJEF"},"content":{"rendered":"\n<p><em>Derni\u00e8re mise \u00e0 jour : <\/em>13\/01\/2024<\/p>\n\n\n\n<p>Cr\u00e9\u00e9e en 2020, l\u2019Association des Jeunes \u00c9lus de France (AJEF) accompagne et soutient ses adh\u00e9rents dans l\u2019exercice de leur mandat. Regroupant plus de 200 \u00e9lus, l&rsquo;Association des Jeunes \u00c9lus de France dispose d\u2019un r\u00e9seau territorial de 12 f\u00e9d\u00e9rations r\u00e9gionales, pr\u00e9sentes en m\u00e9tropole. L\u2019Association assure \u00e9galement une fonction de conseil, de formation et d\u2019information permanente aupr\u00e8s de ses adh\u00e9rents.<\/p>\n\n\n\n<p><\/p>\n\n\n\n<p><\/p>\n\n\n\n<h2 class=\"wp-block-heading\">Comment adh\u00e9rer ?<\/h2>\n\n\n\n<p>Tous les \u00e9lus de 18 \u00e0 35 ans, peuvent adh\u00e9rer \u00e0 l&rsquo;AJEF. La cotisation est vot\u00e9e chaque ann\u00e9e par l&rsquo;assembl\u00e9e g\u00e9n\u00e9rale de l&rsquo;Association des Jeunes \u00c9lus de France. Il est possible de r\u00e9gler sa cotisation via carte bleu en adh\u00e9rent via notre plateforme Yapla ou par ch\u00e8que \u00e0 l&rsquo;ordre de : \u00ab\u00a0Association des Jeunes \u00c9lus de France &#8211; AJEF\u00a0\u00bb.<\/p>\n\n\n\n<p>L&rsquo;adh\u00e9sion est fix\u00e9e \u00e0 10 euros pour les \u00e9lus non-indemnis\u00e9s et \u00e0 20 euros pour les \u00e9lus indemnis\u00e9s. <\/p>\n\n\n\n<p><a href=\"https:\/\/association-des-jeunes-elus-de-france.s2.yapla.com\/fr\/campaign---2851\/detail\/donner-a-lajef\/2851\" target=\"_blank\" rel=\"noreferrer noopener\">Vous pouvez \u00e9galement faire un don \u00e0 l&rsquo;Association des Jeunes \u00c9lus de France en cliquant ici.<\/a><\/p>\n\n\n\n<p><\/p>\n\n\n\n<p><\/p>\n\n\n\n<h2 class=\"wp-block-heading\">Adh\u00e9rer :<\/h2>\n\n\n\n<div class=\"wp-block-columns is-layout-flex wp-container-core-columns-is-layout-9d6595d7 wp-block-columns-is-layout-flex\">\n<div class=\"wp-block-column is-layout-flow wp-block-column-is-layout-flow\">\n<div class=\"wp-block-buttons is-content-justification-center is-layout-flex wp-container-core-buttons-is-layout-16018d1d wp-block-buttons-is-layout-flex\">\n<div class=\"wp-block-button\"><a class=\"wp-block-button__link has-neve-link-hover-color-background-color has-background has-text-align-center wp-element-button\" href=\"https:\/\/association-des-jeunes-elus-de-france.s2.yapla.com\/fr\/espace-membres\/authentication\/\" target=\"_blank\" rel=\"noreferrer noopener\">Je suis d\u00e9j\u00e0 membre<\/a><\/div>\n<\/div>\n<\/div>\n\n\n\n<div class=\"wp-block-column is-layout-flow wp-block-column-is-layout-flow\">\n<div class=\"wp-block-buttons is-content-justification-center is-layout-flex wp-container-core-buttons-is-layout-16018d1d wp-block-buttons-is-layout-flex\">\n<div class=\"wp-block-button\"><a class=\"wp-block-button__link has-neve-link-hover-color-background-color has-background has-text-align-center wp-element-button\" href=\"https:\/\/association-des-jeunes-elus-de-france.s2.yapla.com\/fr\/espace-membres\/adhesion\/\">Adh\u00e9rer en ligne<\/a><\/div>\n<\/div>\n<\/div>\n\n\n\n<div class=\"wp-block-column is-layout-flow wp-block-column-is-layout-flow\">\n<div class=\"wp-block-buttons alignwide is-content-justification-center is-layout-flex wp-container-core-buttons-is-layout-16018d1d wp-block-buttons-is-layout-flex\">\n<div class=\"wp-block-button\"><a class=\"wp-block-button__link has-neve-link-hover-color-background-color has-background wp-element-button\" href=\"https:\/\/jeuneselusdefrance.fr\/home\/adherer-par-courrier\/\">Adh\u00e9rer par courrier<\/a><\/div>\n<\/div>\n<\/div>\n<\/div>\n\n\n\n<hr class=\"wp-block-separator has-alpha-channel-opacity\"\/>\n\n\n\n<h2 class=\"wp-block-heading\">Contact :<\/h2>\n\n\n\n<p>Mail :<a href=\"mailto:presidence@jeuneselusdefrance.fr\"> presidence@jeuneselusdefrance.fr <\/a><\/p>\n\n\n\n<p>Adresse postale : Le Bureau du Pr\u00e9sident &#8211; Association des Jeunes \u00c9lus de France &#8211; 4, rue Am\u00e9lie, 75 007 Paris.<\/p>\n","protected":false},"excerpt":{"rendered":"<p>Derni\u00e8re mise \u00e0 jour : 13\/01\/2024 Cr\u00e9\u00e9e en 2020, l\u2019Association des Jeunes \u00c9lus de France (AJEF) accompagne et soutient ses adh\u00e9rents dans l\u2019exercice de leur mandat. Regroupant plus de 200 \u00e9lus, l&rsquo;Association des Jeunes \u00c9lus de France dispose d\u2019un r\u00e9seau territorial de 12 f\u00e9d\u00e9rations r\u00e9gionales, pr\u00e9sentes en m\u00e9tropole. L\u2019Association assure \u00e9galement une fonction de conseil,&hellip;&nbsp;<\/p>\n","protected":false},"author":1,"featured_media":0,"parent":0,"menu_order":0,"comment_status":"closed","ping_status":"closed","template":"","meta":{"neve_meta_sidebar":"","neve_meta_container":"","neve_meta_enable_content_width":"","neve_meta_content_width":0,"neve_meta_title_alignment":"","neve_meta_author_avatar":"","neve_post_elements_order":"","neve_meta_disable_header":"","neve_meta_disable_footer":"","neve_meta_disable_title":"","footnotes":""},"class_list":["post-409","page","type-page","status-publish","hentry"],"_links":{"self":[{"href":"https:\/\/jeuneselusdefrance.fr\/home\/wp-json\/wp\/v2\/pages\/409","targetHints":{"allow":["GET"]}}],"collection":[{"href":"https:\/\/jeuneselusdefrance.fr\/home\/wp-json\/wp\/v2\/pages"}],"about":[{"href":"https:\/\/jeuneselusdefrance.fr\/home\/wp-json\/wp\/v2\/types\/page"}],"author":[{"embeddable":true,"href":"https:\/\/jeuneselusdefrance.fr\/home\/wp-json\/wp\/v2\/users\/1"}],"replies":[{"embeddable":true,"href":"https:\/\/jeuneselusdefrance.fr\/home\/wp-json\/wp\/v2\/comments?post=409"}],"version-history":[{"count":22,"href":"https:\/\/jeuneselusdefrance.fr\/home\/wp-json\/wp\/v2\/pages\/409\/revisions"}],"predecessor-version":[{"id":2249,"href":"https:\/\/jeuneselusdefrance.fr\/home\/wp-json\/wp\/v2\/pages\/409\/revisions\/2249"}],"wp:attachment":[{"href":"https:\/\/jeuneselusdefrance.fr\/home\/wp-json\/wp\/v2\/media?parent=409"}],"curies":[{"name":"wp","href":"https:\/\/api.w.org\/{rel}","templated":true}]}}