{"id":1849,"date":"2024-02-29T16:31:01","date_gmt":"2024-02-29T15:31:01","guid":{"rendered":"https:\/\/jeuneselusdefrance.fr\/home\/?page_id=1849"},"modified":"2024-02-29T16:31:02","modified_gmt":"2024-02-29T15:31:02","slug":"notre-derniere-assemblee-generale-31-janvier-2024","status":"publish","type":"page","link":"http:\/\/jeuneselusdefrance.fr\/home\/notre-derniere-assemblee-generale-31-janvier-2024\/","title":{"rendered":"Notre derni\u00e8re assembl\u00e9e g\u00e9n\u00e9rale &#8211; 31 janvier 2024"},"content":{"rendered":"\n<div data-wp-interactive=\"core\/file\" class=\"wp-block-file\"><object data-wp-bind--hidden=\"!state.hasPdfPreview\" hidden class=\"wp-block-file__embed\" data=\"https:\/\/jeuneselusdefrance.fr\/home\/wp-content\/uploads\/2024\/02\/CRAGAJEF310124-1.pdf\" type=\"application\/pdf\" style=\"width:100%;height:600px\" aria-label=\"Contenu embarqu\u00e9 CRAGAJEF310124-1.\"><\/object><a id=\"wp-block-file--media-36a19c09-ad28-486a-801f-ffe4e13f4067\" href=\"https:\/\/jeuneselusdefrance.fr\/home\/wp-content\/uploads\/2024\/02\/CRAGAJEF310124-1.pdf\">CRAGAJEF310124-1<\/a><a href=\"https:\/\/jeuneselusdefrance.fr\/home\/wp-content\/uploads\/2024\/02\/CRAGAJEF310124-1.pdf\" class=\"wp-block-file__button wp-element-button\" download aria-describedby=\"wp-block-file--media-36a19c09-ad28-486a-801f-ffe4e13f4067\">T\u00e9l\u00e9charger<\/a><\/div>\n","protected":false},"excerpt":{"rendered":"","protected":false},"author":9,"featured_media":0,"parent":0,"menu_order":0,"comment_status":"closed","ping_status":"closed","template":"","meta":{"neve_meta_sidebar":"","neve_meta_container":"","neve_meta_enable_content_width":"","neve_meta_content_width":0,"neve_meta_title_alignment":"","neve_meta_author_avatar":"","neve_post_elements_order":"","neve_meta_disable_header":"","neve_meta_disable_footer":"","neve_meta_disable_title":"","footnotes":""},"class_list":["post-1849","page","type-page","status-publish","hentry"],"_links":{"self":[{"href":"http:\/\/jeuneselusdefrance.fr\/home\/wp-json\/wp\/v2\/pages\/1849","targetHints":{"allow":["GET"]}}],"collection":[{"href":"http:\/\/jeuneselusdefrance.fr\/home\/wp-json\/wp\/v2\/pages"}],"about":[{"href":"http:\/\/jeuneselusdefrance.fr\/home\/wp-json\/wp\/v2\/types\/page"}],"author":[{"embeddable":true,"href":"http:\/\/jeuneselusdefrance.fr\/home\/wp-json\/wp\/v2\/users\/9"}],"replies":[{"embeddable":true,"href":"http:\/\/jeuneselusdefrance.fr\/home\/wp-json\/wp\/v2\/comments?post=1849"}],"version-history":[{"count":1,"href":"http:\/\/jeuneselusdefrance.fr\/home\/wp-json\/wp\/v2\/pages\/1849\/revisions"}],"predecessor-version":[{"id":1851,"href":"http:\/\/jeuneselusdefrance.fr\/home\/wp-json\/wp\/v2\/pages\/1849\/revisions\/1851"}],"wp:attachment":[{"href":"http:\/\/jeuneselusdefrance.fr\/home\/wp-json\/wp\/v2\/media?parent=1849"}],"curies":[{"name":"wp","href":"https:\/\/api.w.org\/{rel}","templated":true}]}}

Notre dernière assemblée générale &#8211; 31 janvier 2024

<div data-wp-interactive="core/file" class="wp-block-file"><object data-wp-bind--hidden="!state.hasPdfPreview" hidden class="wp-block-file__embed" data="https://jeuneselusdefrance.fr/home/wp-content/uploads/2024/02/CRAGAJEF310124-1.pdf" type="application/pdf" style="width:100%;height:600px" aria-label="Contenu embarqué CRAGAJEF310124-1."></object><a id="wp-block-file--media-36a19c09-ad28-486a-801f-ffe4e13f4067" href="https://jeuneselusdefrance.fr/home/wp-content/uploads/2024/02/CRAGAJEF310124-1.pdf">CRAGAJEF310124-1</a><a href="https://jeuneselusdefrance.fr/home/wp-content/uploads/2024/02/CRAGAJEF310124-1.pdf" class="wp-block-file__button wp-element-button" download aria-describedby="wp-block-file--media-36a19c09-ad28-486a-801f-ffe4e13f4067">Télécharger</a></div>
