{"id":155,"date":"2021-01-20T13:17:27","date_gmt":"2021-01-20T12:17:27","guid":{"rendered":"http:\/\/jeuneselusdefrance.fr\/home\/?page_id=155"},"modified":"2021-01-20T15:46:27","modified_gmt":"2021-01-20T14:46:27","slug":"espace-presse","status":"publish","type":"page","link":"http:\/\/jeuneselusdefrance.fr\/home\/espace-presse\/","title":{"rendered":"Espace Presse"},"content":{"rendered":"\n<h2 class=\"wp-block-heading\"><strong>Contac<\/strong>t :<\/h2>\n\n\n\n<div class=\"wp-block-columns is-layout-flex wp-container-core-columns-is-layout-9d6595d7 wp-block-columns-is-layout-flex\">\n<div class=\"wp-block-column is-layout-flow wp-block-column-is-layout-flow\">\n<p><strong>Antonin MAH\u00c9<br><\/strong>Pr\u00e9sident de l&rsquo;AJEF<br><a href=\"mailto:a.mahe@jeuneselusdefrance.fr\">a.mahe@jeuneselusdefrance.fr<\/a><\/p>\n<\/div>\n\n\n\n<div class=\"wp-block-column is-layout-flow wp-block-column-is-layout-flow\">\n<p><strong>Laure Triebsch<br><\/strong>Charg\u00e9e de relations publiques<br><a href=\"mailto:l.triebsch@jeuneselusdefrance.fr\">l.triebsch@jeuneselusdefrance.fr<\/a><\/p>\n<\/div>\n<\/div>\n\n\n\n<div class=\"wp-block-columns is-layout-flex wp-container-core-columns-is-layout-9d6595d7 wp-block-columns-is-layout-flex\">\n<div class=\"wp-block-column is-layout-flow wp-block-column-is-layout-flow\">\n<p><strong>Service de Communication<br><\/strong><a href=\"mailto:communication@jeuneselusdefrance.fr\">communication@jeuneselusdefrance.fr<\/a><\/p>\n<\/div>\n\n\n\n<div class=\"wp-block-column is-layout-flow wp-block-column-is-layout-flow\">\n<p><a href=\"http:\/\/jeuneselusdefrance.fr\/home\/formulaire-de-contact-presse\/\" data-type=\"page\" data-id=\"173\">Formulaire de contact (presse)<\/a><\/p>\n<\/div>\n<\/div>\n\n\n\n<p><\/p>\n\n\n\n<h2 class=\"wp-block-heading\"><strong>Les communiqu\u00e9s de l&rsquo;AJEF :<\/strong><\/h2>\n","protected":false},"excerpt":{"rendered":"<p>Contact : Antonin MAH\u00c9Pr\u00e9sident de l&rsquo;AJEFa.mahe@jeuneselusdefrance.fr Laure TriebschCharg\u00e9e de relations publiquesl.triebsch@jeuneselusdefrance.fr Service de Communicationcommunication@jeuneselusdefrance.fr Formulaire de contact (presse) Les communiqu\u00e9s de l&rsquo;AJEF :<\/p>\n","protected":false},"author":1,"featured_media":0,"parent":0,"menu_order":0,"comment_status":"closed","ping_status":"closed","template":"","meta":{"neve_meta_sidebar":"","neve_meta_container":"","neve_meta_enable_content_width":"","neve_meta_content_width":0,"neve_meta_title_alignment":"","neve_meta_author_avatar":"","neve_post_elements_order":"","neve_meta_disable_header":"","neve_meta_disable_footer":"","neve_meta_disable_title":"","footnotes":""},"class_list":["post-155","page","type-page","status-publish","hentry"],"_links":{"self":[{"href":"http:\/\/jeuneselusdefrance.fr\/home\/wp-json\/wp\/v2\/pages\/155","targetHints":{"allow":["GET"]}}],"collection":[{"href":"http:\/\/jeuneselusdefrance.fr\/home\/wp-json\/wp\/v2\/pages"}],"about":[{"href":"http:\/\/jeuneselusdefrance.fr\/home\/wp-json\/wp\/v2\/types\/page"}],"author":[{"embeddable":true,"href":"http:\/\/jeuneselusdefrance.fr\/home\/wp-json\/wp\/v2\/users\/1"}],"replies":[{"embeddable":true,"href":"http:\/\/jeuneselusdefrance.fr\/home\/wp-json\/wp\/v2\/comments?post=155"}],"version-history":[{"count":7,"href":"http:\/\/jeuneselusdefrance.fr\/home\/wp-json\/wp\/v2\/pages\/155\/revisions"}],"predecessor-version":[{"id":178,"href":"http:\/\/jeuneselusdefrance.fr\/home\/wp-json\/wp\/v2\/pages\/155\/revisions\/178"}],"wp:attachment":[{"href":"http:\/\/jeuneselusdefrance.fr\/home\/wp-json\/wp\/v2\/media?parent=155"}],"curies":[{"name":"wp","href":"https:\/\/api.w.org\/{rel}","templated":true}]}}

<h2 class="wp-block-heading"><strong>Contac</strong>t :</h2>



<div class="wp-block-columns is-layout-flex wp-container-core-columns-is-layout-9d6595d7 wp-block-columns-is-layout-flex">
<div class="wp-block-column is-layout-flow wp-block-column-is-layout-flow">
<p><strong>Antonin MAHÉ<br></strong>Président de l&rsquo;AJEF<br><a href="mailto:a.mahe@jeuneselusdefrance.fr">a.mahe@jeuneselusdefrance.fr</a></p>
</div>



<div class="wp-block-column is-layout-flow wp-block-column-is-layout-flow">
<p><strong>Laure Triebsch<br></strong>Chargée de relations publiques<br><a href="mailto:l.triebsch@jeuneselusdefrance.fr">l.triebsch@jeuneselusdefrance.fr</a></p>
</div>
</div>



<div class="wp-block-columns is-layout-flex wp-container-core-columns-is-layout-9d6595d7 wp-block-columns-is-layout-flex">
<div class="wp-block-column is-layout-flow wp-block-column-is-layout-flow">
<p><strong>Service de Communication<br></strong><a href="mailto:communication@jeuneselusdefrance.fr">communication@jeuneselusdefrance.fr</a></p>
</div>



<div class="wp-block-column is-layout-flow wp-block-column-is-layout-flow">
<p><a href="http://jeuneselusdefrance.fr/home/formulaire-de-contact-presse/" data-type="page" data-id="173">Formulaire de contact (presse)</a></p>
</div>
</div>



<p></p>



<h2 class="wp-block-heading"><strong>Les communiqués de l&rsquo;AJEF :</strong></h2>

<p>Contact : Antonin MAHÉPrésident de l&rsquo;AJEFa.mahe@jeuneselusdefrance.fr Laure TriebschChargée de relations publiquesl.triebsch@jeuneselusdefrance.fr Service de Communicationcommunication@jeuneselusdefrance.fr Formulaire de contact (presse) Les communiqués de l&rsquo;AJEF :</p>
